base 12, what is -8 - 4844?
-4850
In base 3, what is -1221 + 2102010?
2100012
In base 9, what is -13644 - 151?
-13805
In base 10, what is -7793 - 11?
-7804
In base 7, what is 2134354 + -16?
2134335
In base 11, what is 78a + 110?
89a
In base 15, what is 6722e + -e?
67220
In base 7, what is 3022 - 500?
2222
In base 10, what is -14 - 22116?
-22130
In base 5, what is -431 - -324342?
323411
In base 16, what is -51 - -1?
-50
In base 3, what is -120020 - -10112?
-102201
In base 12, what is -2aa9b9 + 2?
-2aa9b7
In base 7, what is 5664534 + 1?
5664535
In base 8, what is -13144 - -53?
-13071
In base 9, what is 5867 - 422?
5445
In base 14, what is 3 - 8760?
-875b
In base 9, what is -15 + -786?
-812
In base 4, what is 11200100 - -2?
11200102
In base 10, what is -443 - 26?
-469
In base 4, what is -11 - -112300311?
112300300
In base 7, what is -15506 - 130?
-15636
In base 10, what is -1 - 84357?
-84358
In base 9, what is -3208 - 225?
-3434
In base 7, what is -10 - 2416?
-2426
In base 15, what is -1ba - -1d?
-19c
In base 10, what is -5 + -606323?
-606328
In base 15, what is -ab + -969?
-a25
In base 5, what is 31400 + 34?
31434
In base 13, what is 12 + -406c?
-405a
In base 8, what is -30 + 2423?
2373
In base 13, what is -2 - -946ab?
946a9
In base 13, what is -300 - -6c?
-261
In base 4, what is -2231 - -100013?
31122
In base 14, what is -5 + -bd27?
-bd2c
In base 12, what is 1 + 94b3?
94b4
In base 3, what is -2012011 - -1200121?
-111120
In base 2, what is 1000111 - -1010100011?
1011101010
In base 13, what is -16672 - 3?
-16675
In base 3, what is -2101010 - -10212?
-2020021
In base 2, what is -11111111011 + -10111?
-100000010010
In base 9, what is -784 - -10?
-774
In base 16, what is cb3 - -2d?
ce0
In base 16, what is 5 - -170d?
1712
In base 16, what is -96f3 - 4?
-96f7
In base 3, what is 20102212 - 1200?
20101012
In base 11, what is 31 + -1aa8?
-1a77
In base 16, what is -5902 - a?
-590c
In base 3, what is 10001011010 - -10?
10001011020
In base 8, what is 7 - -213022?
213031
In base 4, what is -112 + 13110?
12332
In base 8, what is 227 - 552?
-323
In base 12, what is 6a8359 - 4?
6a8355
In base 14, what is 679 - -7?
682
In base 9, what is -2277185 + -4?
-2277200
In base 15, what is 5 - -e17e?
e184
In base 14, what is -7 + -1d4d5?
-1d4dc
In base 11, what is -4 + -40a21?
-40a25
In base 8, what is 631763 + -1?
631762
In base 3, what is -10 + -1020011120210?
-1020011120220
In base 16, what is 1552 - -1e?
1570
In base 13, what is -31abc + -4?
-31ac3
In base 14, what is 9a3415 + 3?
9a3418
In base 4, what is -210323 - 112220?
-323203
In base 2, what is -100 + 101111000100100001?
101111000100011101
In base 15, what is 6b0 - 1c3?
4dc
In base 11, what is -4 - 50075?
-50079
In base 10, what is -12966 - -1?
-12965
In base 16, what is 2904 + 4a?
294e
In base 8, what is -673443 - 4?
-673447
In base 3, what is 222122001 + -10?
222121221
In base 12, what is -710 - 171?
-881
In base 10, what is 21 + 7079?
7100
In base 9, what is -132 + -205?
-337
In base 6, what is 0 - 12334121?
-12334121
In base 3, what is 200012121101 - 11?
200012121020
In base 9, what is 148785 + -5?
148780
In base 9, what is 5 + -15802?
-15786
In base 9, what is 1082 + 121?
1213
In base 2, what is 1101000111101101 + 1101?
1101000111111010
In base 2, what is 100 + -10110010111010101000?
-10110010111010100100
In base 15, what is 13 + -16d54?
-16d41
In base 3, what is -10000 + -101222101?
-102002101
In base 15, what is c - d4d8?
-d4cb
In base 4, what is -112201 - -110213?
-1322
In base 12, what is 0 - -4036?
4036
In base 3, what is 10200011000 + 12?
10200011012
In base 9, what is 326 - 357?
-31
In base 3, what is 100011 + 2001222?
2102010
In base 13, what is -4c + 80c?
790
In base 10, what is -304 - 303?
-607
In base 10, what is 350976 + 4?
350980
In base 2, what is -1110000100 - 1011011110?
-11001100010
In base 8, what is 3 - 3277?
-3274
In base 4, what is -1022 - 1110032?
-1111120
In base 2, what is -100011 + -1001011001101?
-1001011110000
In base 8, what is 43221 + 62?
43303
In base 8, what is 2 - 3531726?
-3531724
In base 14, what is 474 - -43?
4b7
In base 2, what is 101110 - -110101111110000?
110110000011110
In base 2, what is 111100 - 1010000101010?
-1001111101110
In base 4, what is 23120 + 32?
23212
In base 9, what is -10273 - 0?
-10273
In base 15, what is -1 + -dab5?
-dab6
In base 7, what is 161 + -443?
-252
In base 12, what is 431 + -28a?
163
In base 3, what is 20012011110 + 12?
20012011122
In base 9, what is -3 + 2081?
2077
In base 3, what is 111022212020021 + 1?
111022212020022
In base 5, what is -11102 + -1112?
-12214
In base 15, what is -b6c4c - 0?
-b6c4c
In base 14, what is -12cdd + -4?
-12d03
In base 13, what is -3615 - -a?
-3608
In base 8, what is -6251 - 460?
-6731
In base 5, what is -10 + 212221?
212211
In base 5, what is 4 + -240010?
-240001
In base 10, what is -12 + 3404?
3392
In base 6, what is -4 - -122251?
122243
In base 2, what is 100111100 + -1100?
100110000
In base 2, what is 1101011 + 1000111110101?
1001001100000
In base 5, what is -21040 - 14?
-21104
In base 2, what is -101 - 101100111001000?
-101100111001101
In base 13, what is -22 + -ba?
-10c
In base 9, what is -134 - 167?
-312
In base 16, what is 4be - 273?
24b
In base 9, what is 5032 - 164?
4757
In base 10, what is -733 - 1530?
-2263
In base 9, what is 36 - -3538?
3575
In base 7, what is 2415660 + -5?
2415652
In base 7, what is 6 + 135142?
135151
In base 15, what is -6bc - 31?
-6ed
In base 2, what is -10 - 1001010100110001?
-1001010100110011
In base 15, what is 3 - -33332?
33335
In base 13, what is -16b - -69?
-102
In base 15, what is 39 + -1d3?
-199
In base 8, what is 106525 - 4?
106521
In base 9, what is 2036 - -13?
2050
In base 2, what is -100110111001 + -10111?
-100111010000
In base 14, what is -2dc49 - 3?
-2dc4c
In base 12, what is 0 + -4a47a?
-4a47a
In base 14, what is -3 + 2a6c?
2a69
In base 8, what is 20 + -153?
-133
In base 9, what is -1148331 - -4?
-1148326
In base 3, what is -11 + 2010112220222?
2010112220211
In base 16, what is 10 - 3f7?
-3e7
In base 10, what is -5 - -355641?
355636
In base 15, what is 21 - 2bab?
-2b8a
In base 10, what is 39 - 543?
-504
In base 14, what is -c - adc?
-b0a
In base 15, what is -3c + 42?
5
In base 12, what is -4 - -1016b3?
1016ab
In base 13, what is 144b0 - 3?
144aa
In base 6, what is 155431 + 431?
200302
In base 8, what is 724745 + -4?
724741
In base 10, what is -3 + 239700?
239697
In base 16, what is -40 - -963?
923
In base 3, what is -121211021 + -101?
-121211122
In base 8, what is 213136 + 4?
213142
In base 11, what is 144 + 2002?
2146
In base 15, what is 1b - -14a8e?
14aaa
In base 3, what is 222 + -111101122?
-111100200
In base 11, what is -698 - -75?
-623
In base 2, what is -1100111000 + 1001110011011?
1000001100011
In base 2, what is -11110101111110 - 111110?
-11110110111100
In base 13, what is 21 - c?
12
In base 14, what is -4 - 1b741?
-1b745
In base 15, what is -11e - 1106?
-1225
In base 9, what is 142581 + -12?
142568
In base 12, what is -4b + -6873?
-6902
In base 3, what is -1122000 + 22221?
-1022002
In base 11, what is 24 + -276?
-252
In base 6, what is 15200 + 25?
15225
In base 2, what is 100001111 + 111?
100010110
In base 5, what is 2323313 - -22?
2323340
In base 10, what is -1 - 13004?
-13005
In base 2, what is 101 + -11010001100101001?
-11010001100100100
In base 5, what is -2 + -13444421?
-13444423
In base 2, what is 1001 + -111000001101110?
-111000001100101
In base 6, what is -32130310 - 4?
-32130314
In base 9, what is -825 - 61?
-886
In base 2, what is -101 - -11010000011001?
11010000010100
In base 4, what is -11301110123 + 1?
-11301110122
In base 13, what is -15 + -a9?
-c1
In base 2, what is 1100100 - -110000010?
111100110
In base 10, what is 5 - 76646?
-76641
In base 16, what is 2 - -2d774?
2d776
In base 14, what is -3ab0 + 3?
-3aab
In base 7, what is 43 - 32225?
-32152
In base 7, what is -4101402 - -2?
-4101400
In base 13, what is -7041a - 0?
-7041a
In base 9, what is -1010813 - 5?
-1010818
In base 12, what is b008 - -5?
b011
In base 15, what is -19aab + 4?
-19aa7
In base 12, what is -4 + 151a41?
151a39
In base 12, what is 2 - -10301?
10303
In base 14, what is -154d4 + 3?
-154d1
In base 2, what is -100 - -1101111010100?
1101111010000
In base 10, what is -600588 + 